{"id":6,"date":"2021-06-08T00:44:26","date_gmt":"2021-06-08T03:44:26","guid":{"rendered":"http:\/\/estallidosocialenchile.ongeco.cl\/?page_id=6"},"modified":"2021-11-16T23:47:17","modified_gmt":"2021-11-17T02:47:17","slug":"presentacion","status":"publish","type":"page","link":"https:\/\/www.ongeco.cl\/estallidosocialchile\/presentacion\/","title":{"rendered":"Presentaci\u00f3n"},"content":{"rendered":"<p style=\"text-align: center;\"><strong>Presentaci\u00f3n Archivo del Estallido Social de 2019<\/strong><\/p>\n<p style=\"text-align: right;\"><strong>Mario Garc\u00e9s Dur\u00e1n<\/strong><br \/>\nHistoriador<br \/>\nDirector de ECO, Educaci\u00f3n Comunicaciones<\/p>\n<p style=\"text-align: justify;\">El Estallido Social, (tambi\u00e9n denominado, revuelta popular o levantamiento ciudadano) del 18 de octubre de 2019 impact\u00f3 en tal grado a la sociedad chilena que bien se puede decir, que cambi\u00f3 el curso de su historia. Chile ya no ser\u00eda el mismo, por cuanto la movilizaci\u00f3n social desestabiliz\u00f3 el orden conocido hasta esa fecha y en un plazo -tal vez muy breve- provoc\u00f3 una reacci\u00f3n de la clase pol\u00edtica chilena que dio lugar al Acuerdo por la Paz y una Nueva Constituci\u00f3n el 15 de noviembre de 2019. Es decir, bast\u00f3 un poco menos de un mes de movilizaciones de diverso tipo para que se insinuar\u00e1 una \u201cforma de salida\u201d institucional del conflicto social y pol\u00edtico a que dio lugar el Estallido.<\/p>\n<p>El Acuerdo (parlamentario) del 15 de noviembre no fue, por cierto, inocente ni muy democr\u00e1tico en su gestaci\u00f3n ni en sus prop\u00f3sitos. Acogi\u00f3 la demanda por una nueva Constituci\u00f3n (su mayor m\u00e9rito), pero busc\u00f3 establecer el control sobre el proceso fijando un qu\u00f3rum de 2\/3 para aprobar el nuevo articulado de la Constituci\u00f3n y al mismo tiempo, estableci\u00f3 un modo de selecci\u00f3n de los futuros constituyentes siguiendo el modelo de la elecci\u00f3n de parlamentarios. Estas y otras trabas se han venido modificando en el tiempo, y por v\u00eda pr\u00e1ctica se ha logrado bloquear o moderar el control sobre el proceso constituyente al que aspiraba la clase pol\u00edtica chilena.<\/p>\n<p>Este ha sido probablemente una las mayores novedades de la pol\u00edtica chilena de los \u00faltimos meses. En el campo estrictamente electoral los resultados del plebiscito del 25 de octubre de 2020 (que buscaba dirimir el rechazo o apruebo de una nueva Constituci\u00f3n) fueron m\u00e1s que contundentes, casi un 80% de los electores se pronunciaron en favor del Apruebo el cambio constitucional; y, en la elecci\u00f3n de constituyentes, la mayor novedad fue la \u201clista del pueblo\u201d y los independientes, en un sentido m\u00e1s amplio, que representan pr\u00e1cticamente un 60% convencionales elegidos. La derecha no alcanz\u00f3 el tercio de los convencionales que le habr\u00edan permitido ejercer un derecho de veto en la Convenci\u00f3n Constitucional.<\/p>\n<p><strong>Los diversos escenarios del cambio: la calle, los movimientos sociales y las instituciones<br \/>\n<\/strong><br \/>\nEl Estallido que se inici\u00f3 el18 de octubre de 2019 tuvo como escenario principal la calle, y como actores, especialmente a los movimientos sociales y la sociedad civil. Marchas en los barrios y en las grandes avenidas a lo largo y ancho del pa\u00eds, ocupaciones de plazas con alta carga simb\u00f3lica, cabildos y asambleas en los barrios y colectivos o agrupaciones de los movimientos sociales.<\/p>\n<p>Sin embargo, el otro escenario por el que ha transitado el malestar y el cambio ha sido el estatal-institucional, es decir el gobierno, el congreso, los tribunales de justicia, y en la \u00faltima etapa, los procesos electorales.<\/p>\n<p>Esta dualidad de escenarios ha sido una constante en Chile en el ejercicio de la \u201cgobernabilidad\u201d y los procesos de cambio social, que ha dado lugar a las m\u00e1s diversas tensiones, distancias y pol\u00e9micas entre la sociedad y el Estado, los movimientos sociales y los partidos pol\u00edticos, los ciudadanos y las instituciones.<\/p>\n<p>Tal vez el mayor desaf\u00edo democr\u00e1tico en el Chile de hoy se relaciona con los modos en que se va resolviendo esta tensi\u00f3n en favor de los ciudadanos, los movimientos sociales y la sociedad civil.<\/p>\n<p>El Estallido social de octubre de 2019 gener\u00f3 muy pronto diversas iniciativas de encuentro y deliberaci\u00f3n ciudadana. Al principio, cabildos, pero luego se multiplicaron las Asambleas Territoriales.<\/p>\n<p>La movilizaci\u00f3n social y la deliberaci\u00f3n en Asambleas nos parece que fueron dos componentes fundamentales no solo del Estallido o la \u201crevuelta\u201d, sino del proceso de democratizaci\u00f3n que comenz\u00f3 a vivirse en la sociedad chilena, a partir de 18 de octubre de 2019.<\/p>\n<p>Y como reiteran hoy los constituyentes elegidos para la Convenci\u00f3n, nada de lo que estamos viviendo hoy ser\u00eda posible si no fuera por el Estallido Social. Pues bien, esta ha sido la misma raz\u00f3n que nos moviliz\u00f3 en ECO, Educaci\u00f3n y Comunicaciones para elaborar un mini proyecto de investigaci\u00f3n que denominamos \u201cMemorias y aprendizajes del Estallido Social en el Chile de hoy\u201d.<\/p>\n<p>Este proyecto se organiz\u00f3 para alcanzar distintos objetivos, durante el a\u00f1o 2020:<\/p>\n<p>a) Promover la reflexi\u00f3n y relatos en torno al proceso territorial, los sentidos de la movilizaci\u00f3n y los aprendizajes adquiridos en este periodo.<\/p>\n<p>b) Registrar y documentar la memoria y reflexi\u00f3n comunitaria del actor urbano popular respecto al estallido a trav\u00e9s de entrevistas individuales y\/o colectivas en formato audiovisual.<\/p>\n<p>c) Crear un archivo oral digital de la memoria del estallido con tal de nutrir los procesos sociales en curso y para el estudio de nuestro pasado reciente.<\/p>\n<p>d) Generar espacios presenciales colectivos de devoluci\u00f3n en los mismos territorios para aportar en la profundizaci\u00f3n y dinamizaci\u00f3n de los di\u00e1logos comunitarios.<\/p>\n<p>Ciertamente la pandemia del coronavirus alter\u00f3 nuestras metas y los ritmos del trabajo, programados para el a\u00f1o 2020. Producto del estado de emergencia sanitario y de las medidas de confinamiento, no pudimos realizar talleres ni entrevistas colectivas en los propios territorios; tampoco generar espacios de devoluci\u00f3n en los territorios y m\u00e1s dif\u00edcil a\u00fan fue concretar la idea de un archivo oral, como imaginamos en los inicios.<\/p>\n<p>De este modo, debimos ajustar nuestros prop\u00f3sitos, de tal modo que el proyecto de memorias y aprendizajes del Estallido, cuyos principales resultados presentamos en el siguiente Archivo, qued\u00f3 reorganizado de la siguiente manera:<\/p>\n<p>a) Entrevistas con dirigentes de las Asambleas Territoriales;<\/p>\n<p>b) La producci\u00f3n de un n\u00famero de la Revista Cal y Canto con una s\u00edntesis de las entrevistas (Revista Cal y Canto N\u00ba 8, en proceso de edici\u00f3n);<\/p>\n<p>c) Recopilaci\u00f3n de documentos relevantes producidos por los actores movilizados;<\/p>\n<p>d) Selecci\u00f3n de art\u00edculos y documentos de elaboraci\u00f3n propia;<\/p>\n<p>e) Acopio de audiovisuales de circulaci\u00f3n masiva y algunos producidos por ECO;<\/p>\n<p>f) Realizaci\u00f3n de una Bit\u00e1cora de los acontecimientos de Estallido, tanto de Santiago como de algunas provincias.<\/p>\n<p>g) Producci\u00f3n de un Archivo documental del Estallido Social.<\/p>\n<p style=\"text-align: justify;\">La realizaci\u00f3n de este proyecto y de este Archivo ha sido posible gracias a los aportes de la <strong>Plataforma MERCOSUR Social y Solidario<\/strong>; el <strong>Comit\u00e9 Cat\u00f3lico en contra del Hambre y por el Desarrollo (CCFD, Francia)<\/strong> y la <strong>Universidad de Michigan, Estados Unidos.<\/strong><\/p>\n<p><em><strong>Trabajaron en este Equipo, coordinados por Mario Garc\u00e9s, los siguientes profesionales: Edward Murphey, Juan Enrique Ortega, Patricio Rivera, Daniela Zubicueta y Paulina Zubicueta<\/strong><\/em><\/p>\n<p><em>Imagen: Patricio Rivera Moya -ECO<\/em><\/p>\n","protected":false},"excerpt":{"rendered":"<p>Presentaci\u00f3n Archivo del Estallido Social de 2019 Mario Garc\u00e9s Dur\u00e1n Historiador Director de ECO, Educaci\u00f3n Comunicaciones El Estallido Social, (tambi\u00e9n denominado, revuelta popular o levantamiento ciudadano) del 18<\/p>\n","protected":false},"author":1,"featured_media":723,"parent":0,"menu_order":0,"comment_status":"closed","ping_status":"closed","template":"","meta":{"footnotes":""},"class_list":["post-6","page","type-page","status-publish","has-post-thumbnail","hentry"],"_links":{"self":[{"href":"https:\/\/www.ongeco.cl\/estallidosocialchile\/wp-json\/wp\/v2\/pages\/6","targetHints":{"allow":["GET"]}}],"collection":[{"href":"https:\/\/www.ongeco.cl\/estallidosocialchile\/wp-json\/wp\/v2\/pages"}],"about":[{"href":"https:\/\/www.ongeco.cl\/estallidosocialchile\/wp-json\/wp\/v2\/types\/page"}],"author":[{"embeddable":true,"href":"https:\/\/www.ongeco.cl\/estallidosocialchile\/wp-json\/wp\/v2\/users\/1"}],"replies":[{"embeddable":true,"href":"https:\/\/www.ongeco.cl\/estallidosocialchile\/wp-json\/wp\/v2\/comments?post=6"}],"version-history":[{"count":7,"href":"https:\/\/www.ongeco.cl\/estallidosocialchile\/wp-json\/wp\/v2\/pages\/6\/revisions"}],"predecessor-version":[{"id":1459,"href":"https:\/\/www.ongeco.cl\/estallidosocialchile\/wp-json\/wp\/v2\/pages\/6\/revisions\/1459"}],"wp:featuredmedia":[{"embeddable":true,"href":"https:\/\/www.ongeco.cl\/estallidosocialchile\/wp-json\/wp\/v2\/media\/723"}],"wp:attachment":[{"href":"https:\/\/www.ongeco.cl\/estallidosocialchile\/wp-json\/wp\/v2\/media?parent=6"}],"curies":[{"name":"wp","href":"https:\/\/api.w.org\/{rel}","templated":true}]}}